 be u(21). List the prime factors of 4/(((-318)/(-26))/n - 4).
2, 13
Let x = 86 + -81. Suppose -281 - 24 = -x*j. List the prime factors of j.
61
Let o = 444 + 36. What are the prime factors of o?
2, 3, 5
List the prime factors of 3/(-9) + (-1)/(3/(-214)).
71
Let x(v) = 194*v**2 - 3*v - 2. Suppose 5*i + i = -6. Let k be x(i). What are the prime factors of (k/(-52))/(6/(-32))?
2, 5
Suppose 3*g - 24 = -5*g. Suppose -k + 74 = 5*m, m - 13 = -g*k + 279. List the prime factors of k.
3, 11
Let h be 1/(1/4 + 0). Suppose 6 = -5*o - 14, -2*o + 7 = 3*c. Suppose 5*z + 63 = 3*g + z, -c*z - 84 = -h*g. What are the prime factors of g?
3, 7
Let a(x) = -7*x**3 + 5*x**2 + 17*x + 15. Let u(t) = 3*t**3 - 3*t**2 - 8*t - 7. Let i(y) = -2*a(y) - 5*u(y). List the prime factors of i(6).
5
Suppose -u - u + 12 = 0. Suppose -u*v = -9*v + 648. What are the prime factors of v?
2, 3
Suppose 0*q + 5*q = -5*f + 45, 0 = -3*f + 2*q + 7. Suppose 215 = -f*b - 5*z, -b = -4*b - 5*z - 127. List the prime factors of 6/(-4)*b/3.
2, 11
Let f = 2590 - -530. List the prime factors of f.
2, 3, 5, 13
Suppose 0 = -4*h - 8*h + 864. What are the prime factors of h?
2, 3
Let k(m) = -346*m**3 + 6*m**2 + 2*m - 1. List the prime factors of k(-2).
3, 929
Let x be ((-84)/15)/((-12)/30). Suppose x + 13 = 3*y. Let r = y - -19. What are the prime factors of r?
2, 7
Suppose 0 = h - 4*f + 28, -4*f = -2*h - h - 84. Suppose 3*i + 8*x - 29 = 3*x, 0 = 4*i - 4*x - 28. What are the prime factors of -8*h/i - -1?
29
Let g be (2 - 10/4)*-10. Let h(c) = 3*c**2 + 10 - c**3 - c**2 - 4*c**2 + 9*c - g*c**2. What are the prime factors of h(-8)?
2
Let y(o) = o**2 - 5*o - 1. Let r be y(6). Suppose r*b = -t + 401, -5*b - 96 = -t - 495. What are the prime factors of b?
2, 5
Let h = 805 - 367. What are the prime factors of h?
2, 3, 73
Let r = 121 - 115. Suppose 348 = 2*c + 12*y - 8*y, -2*y + r = 0. What are the prime factors of c?
2, 3, 7
Let x be (-2 - -9)/(3/(-15)). What are the prime factors of 824/14 + (-5)/x?
59
Suppose 731 + 274 = 3*p. What are the prime factors of p?
5, 67
Let b(w) = 6*w**3 - 1 - 4*w**3 + 9*w + 18*w**2 - 20*w. List the prime factors of b(-8).
5, 43
Suppose -4 + 14 = -2*x - 4*n, 0 = 2*x - 5*n - 35. Suppose -4*s = q - 18, 3*s = -x*q + 4*s + 27. What are the prime factors of q?
2, 3
Let m = 2726 - -197. What are the prime factors of m?
37, 79
Suppose 22*y = -6*y + 15092. What are the prime factors of y?
7, 11
Suppose -2*m - 2 = -3*m + d, -3 = -3*m + 4*d. Suppose 7*i - 308 = m*i. List the prime factors of i.
2, 7, 11
Let a be -15*((-4)/(-2) + -3). Suppose t + 15 = 3*u + 3*t, a = 3*u - 3*t. Suppose u*c + 3*c - 416 = 0. List the prime factors of c.
2, 13
Suppose 4*n - 4288 = -5*l, 0 = -12*n + 7*n - l + 5381. List the prime factors of n.
3, 359
Let j(d) = 3*d + 1. Let k(s) = 7*s + 1. Let g(i) = -5*j(i) + 2*k(i). Let o be g(-9). Suppose o*t = 4*t + 22. What are the prime factors of t?
11
Let s be ((-32)/(-10))/((-6)/(-120)). List the prime factors of (-2)/(((-14)/s)/7).
2
Suppose -6*h - 4 = -4*h. List the prime factors of (h + 6/4)/((-1)/364).
2, 7, 13
Let f = 75 - -9. Let b = f + -35. List the prime factors of b.
7
Let m = -68 + 554. What are the prime factors of m?
2, 3
Let j(r) be the third derivative of 7*r**5/20 + 5*r**4/24 - r**3/3 - r**2. Let v be j(3). Let u = v + -138. What are the prime factors of u?
2
Let g(v) = -60*v - 6. Let a be g(-3). Suppose -a = 4*p - 726. List the prime factors of p.
2, 3, 23
Suppose 0 = 6*l - 7378 + 664. What are the prime factors of l?
3, 373
Let b(q) = -q**2 + 12*q + 3. Let m be b(12). Let k(p) = p**2 + p + 4*p - 4 - 2*p. What are the prime factors of k(m)?
2, 7
Let k(f) = -2*f**3 + f**2. Let x be k(1). Let w(d) = -2*d**3 - d**2 + 1. List the prime factors of w(x).
2
Let s be (9/(-6))/((-1)/4). Suppose 3*m - b = 209, -4*m + 2*b = s*b - 268. What are the prime factors of m?
3, 23
Suppose 4*j - 53 = -i - 0*i, 0 = i - 2*j - 71. Suppose -n + i = 2. List the prime factors of n.
3, 7
Let x(m) = -m**2 + 10*m + 37. Let j be x(12). Suppose 24 = j*k - 2446. What are the prime factors of k?
2, 5, 19
Suppose -18*k = 1552 - 8968. List the prime factors of k.
2, 103
Suppose 2*o - 324 = -4*o. Let l = o - 12. List the prime factors of l.
2, 3, 7
Let a be -1 + (211 - 0) + 1. Suppose 0 = -3*w + r - 2*r + a, 97 = w - 5*r. Suppose 4*q + 4 = w. List the prime factors of q.
17
Let h(z) = -z - 7. Suppose 0 = 5*w - 7*w + 18. Suppose -3 = v + w. What are the prime factors of h(v)?
5
Let c(h) = h**3 - 16*h**2 + 20*h - 12. Let z be c(15). Suppose -z = -2*f + f. What are the prime factors of f?
3, 7
Suppose 0 = -22*f + 19*f + 1086. What are the prime factors of f?
2, 181
Suppose -k + 556 = -0*k. List the prime factors of k.
2, 139
Let t(l) = -l - 33. Let a be t(0). Suppose -13*j + 67 + 50 = 0. List the prime factors of (-6)/(3 + a/j).
3
Let u = 463 + -438. List the prime factors of u.
5
Let v = -285 + 432. Let m be (45/10)/9*(133 - 1). Suppose 3*z - v = m. What are the prime factors of z?
71
Let x = -380 + 467. Suppose -3*r + 4*z = 0, 1 = -2*r + 5*z - 6. Suppose -4*f = 4*o - 9 - x, -r*o = -5*f + 84. What are the prime factors of f?
2, 5
List the prime factors of 6 + -1 + (1035 - (7 - 12)).
5, 11, 19
Suppose 68 = 4*d - 4*h, -4*h = -d - 2*d + 56. Suppose 0 = -x - 0 + d. What are the prime factors of x?
2, 3
Let p = 908 + -399. What are the prime factors of p?
509
Let a(d) = -d**2 - 16*d - 2. Let j(i) = -2*i**2 - 47*i - 5. Let s(c) = -11*a(c) + 4*j(c). What are the prime factors of s(6)?
2, 19
Suppose 0*b + b + 168 = 2*h, -3*h = b - 242. Let r = 142 - h. List the prime factors of r.
2, 3, 5
Let c be -2 - (-6)/(-2 + 5). Suppose y + 5 = 1, 2*y - 163 = -3*h. Suppose -3*f + c*f + h = 0. List the prime factors of f.
19
Suppose 5*q - 3*t = 214 - 2, 24 = q + 4*t. Let r be (-8)/q - 21/(-5). What are the prime factors of 81/(-6)*(0 - r)?
2, 3
Let p = -23 + 21. What are the prime factors of (-16 + (6 - 4))*6/p?
2, 3, 7
Let z be (-2)/(-4)*-2 - -8. List the prime factors of z + (-9)/(-3) + -6.
2
Suppose -p - 6 = -5*j + 2*j, -21 = -4*p - 3*j. Let l(q) = 2*q - 4. Let x be l(p). Suppose -5*u = -i - x*i - 107, i = 1. What are the prime factors of u?
2, 11
Suppose -4*x + x + 4*u - 27 = 0, -3*u = 0. Let k be x/12 + 1796/(-16). Let a = k - -161. What are the prime factors of a?
2, 3
Let n = 158 + -38. Suppose 5*l - 90 - n = 0. What are the prime factors of l?
2, 3, 7
Let z(v) = 12*v - 23. Let y(g) = -6*g + 11. Let l(p) = -9*y(p) - 4*z(p). Suppose -5*d - 12 = -7*d. List the prime factors of l(d).
29
Let n = -84 - -88. Suppose -k - 849 = -n*k. What are the prime factors of k?
283
Let c(s) = 20*s + 37. Suppose 2*o - 14 = -4. List the prime factors of c(o).
137
Suppose 3*g - 745 = -4*q, -4*g - 147 = -q + 25. Suppose 4*i + 24 = q. List the prime factors of i.
2, 5
Let o be 1 + -6 - 15/(-3). Suppose -5*g = -o*g - 910. What are the prime factors of g?
2, 7, 13
Let g(l) = 11*l**2 - 16*l - 186. List the prime factors of g(-10).
2, 3, 179
Suppose 7*t = -b + 3*t + 318, 0 = b - 4*t - 286. What are the prime factors of b?
2, 151
Let q be -2 + (-9)/(-2) + 2/4. Suppose -q*h + 4*t = -117 + 15, 68 = 2*h + t. List the prime factors of h.
2, 17
Suppose d + 5*w - 20 = 0, -3*d - w - w + 8 = 0. Let g(t) = -t**2 + d*t**2 - 5*t - 7 + 12*t. List the prime factors of g(5).
3
Let m(v) be the first derivative of 8*v**2 + 10*v - 4. Let l(d) = 5*d + 3. Let h(f) = -14*l(f) + 4*m(f). What are the prime factors of h(-3)?
2
Suppose 3*s - 5*p - 23 = -p, -5 = -5*p. Suppose -s - 61 = -5*t. List the prime factors of t.
2, 7
Let j = -5 + 7. Suppose -2*w - 70 = -2*a, 0*w - 122 = -4*a - j*w. List the prime factors of a.
2
Let s(f) be the second derivative of f**5/120 + f**4/2 + f**3 - 8*f. Let i(p) be the second derivative of s(p). What are the prime factors of i(-9)?
3
Let r = 37 + -27. Suppose -6*g - 16 = -r*g. What are the prime factors of g/(-1) - -8 - 1?
3
What are the prime factors of 4*(-6)/120 + 1241/5?
2, 31
Suppose 6 = -i - 0*i. Let a(h) = 6*h + 14. Let r be a(i). Let f = r + 31. List the prime factors of f.
3
Suppose 4*x = -o - 3*o - 24, -2*o - x - 7 = 0. What are the prime factors of (-2 + 272)/5 - o?
5, 11
Let a = 12 - 8. Suppose a*y + 142 = 6*y. List the prime factors of y.
71
Let p = 121 + -64. Suppose p*j - 53*j = 188. List the prime facto